0 = 4*j + 20, -5*t + j = -j + 20. Let q(d) = d**3 + 5*d**2 - 6*d + 1. Give q(t).
1
Suppose 0 = c + z + 1, 2*c - z = -0*z - 2. Let d(t) = -12*t**3 - t**2 - t - 1. Calculate d(c).
11
Suppose -3*t - 32 = -4*m, 0 = -4*t + 2*t + 5*m - 26. Let f(b) = -b. Give f(t).
8
Let w(y) = -y**2 - 8. Let d(m) = -m - 1. Let o = 20 + -21. Let n(q) = o*w(q) + 6*d(q). Determine n(4).
-6
Let s(z) be the third derivative of 3*z**4/8 - 10*z**2. Determine s(-2).
-18
Suppose 3*c = 6*h - 4*h - 6, -h = 5*c + 23. Let d(j) = -j + 3. Give d(c).
7
Let b(d) = -d**2 + 5*d + 8. Let j be 8/12*(-99)/(-6). Let a = -5 + j. Determine b(a).
2
Let q(a) = -2*a + 4. Suppose -6*u = -4*u - 20. Suppose -u = -0*j - 2*j. Give q(j).
-6
Let x = 3 - -18. Let s = x + -17. Let v(t) = -t**2 + t + 4. Calculate v(s).
-8
Suppose y + 2*j + 1 = 0, 4 = -4*y + 3*j - 2*j. Let c(z) be the second derivative of -z**5/10 - z**4/6 - z**3/3 - z**2/2 - 2*z. Give c(y).
1
Let o(k) = -3*k + 7. Let j = -8 + 13. What is o(j)?
-8
Suppose -j = 5*j + 18. Let t(q) = -2*q**2 - 5*q - 3. Calculate t(j).
-6
Let g(w) = 4 + 33*w**2 - 16*w**2 - 18*w**2. Give g(3).
-5
Let o(j) be the second derivative of j**3/6 + 3*j**2/2 - 3*j. Calculate o(-3).
0
Let k(f) = -4*f**3 - 2*f**2 - f. Let v be k(-1). Let w(p) = 3*p - 3*p**2 + p**v + 0*p**3 + 0*p**2 - 3. Give w(2).
-1
Suppose 0*l = -2*l - 28. Let m = l - -11. Let p(q) = q**2 + 3*q + 4. Determine p(m).
4
Let r(u) be the second derivative of -5*u**4/6 + u**3/3 - u**2/2 - 6*u. Suppose 5*y - y = 8. Suppose -y*i + 1 = -i. What is r(i)?
-9
Let c(w) = w**3 + 2*w**2. Let v = 13 - 15. What is c(v)?
0
Let k(h) be the third derivative of -h**5/60 - h**4/3 - 2*h**3/3 + 15*h**2. Calculate k(-3).
11
Let q(u) be the second derivative of u**5/20 + u**4/12 - u**3/6 - u**2/2 - 9*u. Calculate q(2).
9
Let s(j) = 40*j**2 + 3 + 2 + 1 + 5*j - 39*j**2. What is s(-5)?
6
Let j(l) be the second derivative of -l**6/120 - 7*l**5/60 - 5*l**4/24 + 4*l**3/3 + l**2/2 - 5*l. Let r(i) be the first derivative of j(i). Calculate r(-6).
2
Let t(p) = -7*p**3 + 2*p**2 - 3*p - 1. Let q(v) = 6*v**3 - v**2 + 3*v + 1. Let n(x) = -5*q(x) - 4*t(x). Suppose -2*h - h + 2 = -4*f, -f - 5*h = 12. Give n(f).
9
Let x = 10 + -8. Let q(t) = -t**x - 5*t + 3 + 14*t**2 - 12*t**2. Calculate q(6).
9
Let r(i) = i**3 + 1. Let d(k) = -k**2 + 6*k + 1. Let b be d(6). Let h be 0/((-9)/(b - -2)). Calculate r(h).
1
Let t(h) = h**2 - 4*h - 5. Let u be -2 - -1 - 6/(-1). Let f = 9 - u. Let a be t(f). Let n(q) = -q**3 - 4*q**2 + 6*q - 2. Give n(a).
-7
Suppose 4*f = -f. Let a(w) = 2*w + w**3 + f*w + 3*w**2 + 2*w**2. What is a(-3)?
12
Let q(b) be the first derivative of -b**4/4 + 2*b**3 - 5*b**2/2 + 3*b - 10. Give q(5).
3
Let f(x) = -10 - 19 - x - x**2 + 0*x**2 + 28. Calculate f(-2).
-3
Let h(s) = s**3 - 3*s**2 - 6*s + 3. Let r = 5 + -2. Suppose -12 = -0*v - r*v. Determine h(v).
-5
Let w(g) = g**3 + 2*g**2 - g - 1. Let j be w(-2). Suppose -4*n + 5*n = -j. Let y(f) be the third derivative of f**4/8 + f**3/6 + 2*f**2. Give y(n).
-2
Let d = -5 - -10. Suppose 4*c - 35 = -0*c + 3*l, l + d = 0. Let v(w) = 18 - 32 + w + 12. Give v(c).
3
Let u(p) = -3*p + 0*p + 0*p - p**2. Determine u(-7).
-28
Let c(y) = y + y**2 + 0 + 5 + 0*y**2 + 0. Suppose -u + 8*i + 15 = 3*i, -4*u + 15 = -5*i. Calculate c(u).
5
Let u(g) be the first derivative of g**4/24 - g**3/3 - 3*g**2 - 5. Let r(s) be the second derivative of u(s). Determine r(2).
0
Let t(l) = l**2 + 2*l + 6. Let n(p) = -2*p**2 - 2*p - 5. Let q(c) = -3*n(c) - 2*t(c). Calculate q(-2).
15
Suppose 4*f - 5*w = -2, 0*f + 2 = 3*f - 2*w. Suppose 5*t - t - f*n = 0, -t + 3*n = 0. Let o(m) = 2*m + 16 - m + 10 - 19. Determine o(t).
7
Let c be -2 + (30/(-255) - (-140)/34). Let r(l) be the first derivative of -1 + 3*l + 3/2*l**c. What is r(-2)?
-3
Let s(w) = 6*w - 1. Let b(q) = 2*q + 4. Let c be b(-5). Let v = c - -10. Let i = v + -3. Give s(i).
5
Suppose 0 = m + 3 - 1. Let s = 4 + m. Let u(x) = -4*x**2 + 3*x**2 - 3*x + 2*x**2 + 2*x. Determine u(s).
2
Let u(k) = k**2 - k. Let a(p) = -2*p**2 + 4*p - 6. Suppose 2*m - m - 2 = 2*h, -3*h - 5 = -2*m. Let c(f) = h*a(f) + 3*u(f). Give c(0).
-6
Let n(d) = 3*d + 3. Let m(f) = 4*f + 3. Let b(o) = -4*m(o) + 5*n(o). Let q(s) = s. Let l be q(5). Suppose 0 = -10*y + l*y. Calculate b(y).
3
Let p(k) = 6*k - 1. Let u = -8 - -9. Determine p(u).
5
Let t(s) = s**2 - 3*s - 3. Let f be (-2)/(-8) - (-7)/4. Suppose f + 6 = -4*w. Determine t(w).
7
Let t(c) be the first derivative of 2*c - 2/3*c**3 - 3/2*c**2 + 2. What is t(2)?
-12
Let p(l) = -l**2 - 6*l - 7. Suppose -21 = 3*v - 3*r, -r = -8*v + 3*v - 31. Give p(v).
-7
Let x(i) = i**2 - 4*i - 4. Let s be x(5). Suppose 39 = g + 2*g. Let w(c) = -12*c - 1 - 6*c + g*c. Determine w(s).
-6
Let c(k) = -13*k. Let l be ((-2)/10)/(5/(-25)) - 0. Determine c(l).
-13
Let j(w) be the second derivative of 0*w**2 + 1/120*w**5 + 1/3*w**3 + 0 - 1/8*w**4 + 2*w. Let u(r) be the second derivative of j(r). Give u(0).
-3
Suppose -d - 2*b - 8 = -2*d, 3*d + 4 = -b. Let q(j) = d - 3 + j - 2*j. What is q(4)?
-7
Let r(g) = 11*g**3 + g**2 + 9*g - 5. Let d(k) = 5*k**3 + k**2 + 4*k - 2. Let l(x) = -13*d(x) + 6*r(x). Determine l(7).
10
Let w(p) = 4*p. Let k(r) = -2*r. Let z = 1 + -4. Let b(h) = z*w(h) - 7*k(h). Suppose -2*f = -o + 4, -2*o - 2*f = 2*f. Give b(o).
4
Let m(x) be the second derivative of -x**4/12 - x**3 - x**2/2 + 7*x. Suppose 0 = -5*g + 40. Let a be 5*-1*g/10. Determine m(a).
7
Let b(z) = -z. Let g be 38/247 - (-4)/(-26). What is b(g)?
0
Let m(r) = r**2 - r. Let z(c) = -4*c**2 + 5*c + 5. Let q(p) = -5*m(p) - z(p). Determine q(0).
-5
Let t be (-6)/8 + 18/24. Suppose -4*a = 8, t*a + a + 6 = -2*n. Let j(h) = -h**3 - h**2 + 2*h. Determine j(n).
0
Let a(c) = 5*c - 4 - 2 - 5*c**2 + 4*c**2 - 1. What is a(5)?
-7
Let w(d) be the second derivative of -d**5/60 - 7*d**4/24 - d**3 - 3*d**2/2 + 3*d. Let z(k) be the first derivative of w(k). Calculate z(-4).
6
Let j(h) = h**3 + 4*h**2 - h - 1. Let c be j(-4). Suppose c*w = -3*y + 18, -w - 27 = -5*y - 3. Suppose -4 = -s + w. Let f(n) = n - 3. Determine f(s).
2
Suppose 0 = -4*q - 2*u - 14, -u = q + 2*q + 9. Let y(z) = -2*z - 3. Determine y(q).
1
Let u(b) = b**3 - 4*b**2 + b - 5. Let z = -4 + 11. Suppose z*f + 4*d = 2*f, 5*d = 4*f - 41. What is u(f)?
-1
Let j(h) = 4*h**2 - 2*h + 2. Let l(t) = t - 20. Let o be l(22). What is j(o)?
14
Let s(t) = t**2 - t - 2. Let z = -12 + 14. Let n be 0/(-3 + z + 0). Calculate s(n).
-2
Let k(p) be the third derivative of 0 + 1/60*p**5 - 2/3*p**3 - 1/120*p**6 + p**2 + 0*p + 1/6*p**4. Calculate k(3).
-10
Let g(i) = -i - 1. Let d be 3 + -2*45/(-6). Suppose 2*j = 3*u - 9, -5*u - 3 = -j - d. Determine g(j).
-1
Suppose -4 = 2*f + 2*b, 0 = 2*f - 2*b + 10 + 6. Let h be 0/(f/((-15)/(-9))). Let s(z) = z**3 + z**2 - 5. Calculate s(h).
-5
Suppose -3*m + 2*y + 9 - 1 = 0, -m + 3*y + 12 = 0. Let k be 4 - 0/(-3 - -2). Let v(c) = -2 - 1 + k*c + m. Give v(2).
5
Suppose 0 = -5*k - 44 + 9. Let l(b) = -b - 5. Determine l(k).
2
Let k = -13 + 9. Let x(l) be the second derivative of l**3/6 + l**2 - l. Let c(g) = -2. Let w(o) = k*x(o) - 3*c(o). Calculate w(-2).
6
Let d(r) = -2*r + 5. Let y be d(4). Let u(t) = t + 1. Let s be u(y). Let m(v) = -4*v - v + 0*v + v. Give m(s).
8
Let z(j) = -2*j + 13 + 5*j - 2*j + 0*j. Calculate z(0).
13
Let o(d) = d**3 - 3*d**2 - 2*d - 3. Let i be (1 + (-14)/6)/((-7)/21). Give o(i).
5
Let j(m) be the third derivative of -m**4/24 + 3*m**3/2 + 53*m**2. Give j(5).
4
Let n(w) = -2*w - 1. Suppose 4*b = -13 - 3. Let u(m) = m + 1. Let z(q) = b*n(q) - 6*u(q). Determine z(2).
2
Suppose -27 = -4*l - 11. Let s(w) be the third derivative of 0*w + 1/24*w**l + 1/3*w**3 + 0 - 1/60*w**5 - 2*w**2. Determine s(2).
0
Let x(b) = -11*b + 70. Let o be x(7). Let c(s) = 2*s + 8. What is c(o)?
-6
Let y be (-2)/(-6) - (-4)/6. Let s(k) = 30 + 33 + 7*k - 64. Determine s(y).
6
Let y(r) = -r - 2. Let i(c) = -c + 1. Let b be i(5). Give y(b).
2
Let f(k) = -k**3 - 6*k**2 - 5*k + 4. Let j be f(-4). Let t(z) = z**2 + 8*z - 2. Let s be t(j). Let l(r) = r**3 + r**2 - 3*r - 2. Give l(s).
0
Let l(h) = -h - 6*h**2 - 5 - h**3 + 2*h + 13. Suppose 0 = -33*f + 29*f - 24. Calculate l(f).
2
Let h(p) be the second derivative of -2*p - 7/6*p**3 - 1/20*p**5 + 0 - 7/12*p**4 + p**2. Give h(-6).
8
Let m(v) = v**2 - v - 4. Suppose -w + 4*t = 5, 6*w - w + 6 = t